{"id":36,"date":"2021-12-03T08:14:23","date_gmt":"2021-12-03T06:14:23","guid":{"rendered":"https:\/\/vanajapadel.fi\/althea-wp\/"},"modified":"2026-04-09T15:21:46","modified_gmt":"2026-04-09T12:21:46","slug":"althea-wp","status":"publish","type":"page","link":"https:\/\/vanajapadel.fi\/","title":{"rendered":"Etusivu"},"content":{"rendered":"\n<div style=\"height:27px\" aria-hidden=\"true\" class=\"wp-block-spacer\"><\/div>\n\n\n<div class=\"wp-block-image\">\n<figure class=\"aligncenter size-large\"><a href=\"https:\/\/www.matchi.se\/facilities\/vanaja\" target=\"_blank\" rel=\"noreferrer noopener\"><img loading=\"lazy\" decoding=\"async\" width=\"1024\" height=\"379\" src=\"https:\/\/vanajapadel.fi\/wp-content\/uploads\/2026\/04\/VarauslinkkiHalli-1024x379.jpg\" alt=\"\" class=\"wp-image-1187\" srcset=\"https:\/\/vanajapadel.fi\/wp-content\/uploads\/2026\/04\/VarauslinkkiHalli-1024x379.jpg 1024w, https:\/\/vanajapadel.fi\/wp-content\/uploads\/2026\/04\/VarauslinkkiHalli-300x111.jpg 300w, https:\/\/vanajapadel.fi\/wp-content\/uploads\/2026\/04\/VarauslinkkiHalli-768x285.jpg 768w, https:\/\/vanajapadel.fi\/wp-content\/uploads\/2026\/04\/VarauslinkkiHalli.jpg 1406w\" sizes=\"auto, (max-width: 1024px) 100vw, 1024px\" \/><\/a><\/figure>\n<\/div>\n\n<div class=\"wp-block-image\">\n<figure class=\"aligncenter size-large\"><a href=\"https:\/\/vanajapadel.fi\/?page_id=193\"><img loading=\"lazy\" decoding=\"async\" width=\"1024\" height=\"379\" src=\"https:\/\/vanajapadel.fi\/wp-content\/uploads\/2026\/04\/Siirtolinkki_kauppa-1024x379.jpg\" alt=\"\" class=\"wp-image-1194\" srcset=\"https:\/\/vanajapadel.fi\/wp-content\/uploads\/2026\/04\/Siirtolinkki_kauppa-1024x379.jpg 1024w, https:\/\/vanajapadel.fi\/wp-content\/uploads\/2026\/04\/Siirtolinkki_kauppa-300x111.jpg 300w, https:\/\/vanajapadel.fi\/wp-content\/uploads\/2026\/04\/Siirtolinkki_kauppa-768x285.jpg 768w, https:\/\/vanajapadel.fi\/wp-content\/uploads\/2026\/04\/Siirtolinkki_kauppa.jpg 1406w\" sizes=\"auto, (max-width: 1024px) 100vw, 1024px\" \/><\/a><\/figure>\n<\/div>\n\n\n<p class=\"has-text-align-center\"><strong>Ulkokentt\u00e4kausi 2026 alkaa Toijalan sataman kentill\u00e4 kev\u00e4\u00e4ll\u00e4 s\u00e4iden l\u00e4mmetty\u00e4. <\/strong><\/p>\n\n\n\n<p class=\"has-text-align-center\"><strong>Ota somekanavamme Facebookissa ja Instagramissa seurantaan,<\/strong><\/p>\n\n\n\n<p class=\"has-text-align-center\"><strong>niin saat ajankohtaisen tiedon kenttien aukiolosta ja tapahtumista + tarjouksista.<\/strong><\/p>\n\n\n\n<p class=\"has-text-align-center\"><strong>My\u00f6s Smartumin, ePassin ja Edenredin liikuntaedut k\u00e4yv\u00e4t maksuv\u00e4lineen\u00e4.<\/strong><\/p>\n\n\n\n<p class=\"has-text-align-center\"><strong>Liikuntaedulla maksaessasi ole yhteydess\u00e4 vanajapadel@brilho.fi tai 050 360 2304.<\/strong><\/p>\n\n\n\n<p class=\"has-text-align-center\"><\/p>\n\n\n<div class=\"wp-block-image\">\n<figure class=\"aligncenter size-large\"><img loading=\"lazy\" decoding=\"async\" width=\"1024\" height=\"768\" src=\"https:\/\/vanajapadel.fi\/wp-content\/uploads\/2025\/10\/IMG_5335-1024x768.jpeg\" alt=\"\" class=\"wp-image-1154\" srcset=\"https:\/\/vanajapadel.fi\/wp-content\/uploads\/2025\/10\/IMG_5335-1024x768.jpeg 1024w, https:\/\/vanajapadel.fi\/wp-content\/uploads\/2025\/10\/IMG_5335-300x225.jpeg 300w, https:\/\/vanajapadel.fi\/wp-content\/uploads\/2025\/10\/IMG_5335-768x576.jpeg 768w, https:\/\/vanajapadel.fi\/wp-content\/uploads\/2025\/10\/IMG_5335-1536x1152.jpeg 1536w, https:\/\/vanajapadel.fi\/wp-content\/uploads\/2025\/10\/IMG_5335-2048x1536.jpeg 2048w\" sizes=\"auto, (max-width: 1024px) 100vw, 1024px\" \/><\/figure>\n<\/div>\n\n\n<div style=\"height:56px\" aria-hidden=\"true\" class=\"wp-block-spacer\"><\/div>\n\n\n\n<ul class=\"wp-block-social-links has-icon-color has-icon-background-color items-justified-center is-style-default is-layout-flex wp-block-social-links-is-layout-flex\"><li style=\"color:#ffffff;background-color:#000000;\" class=\"wp-social-link wp-social-link-mail has-white-color has-black-background-color wp-block-social-link\"><a rel=\"noopener nofollow\" target=\"_blank\" href=\"mailto:vanajapadel@brilho.fi\" class=\"wp-block-social-link-anchor\"><svg width=\"24\" height=\"24\" viewBox=\"0 0 24 24\" version=\"1.1\" xmlns=\"http:\/\/www.w3.org\/2000\/svg\" aria-hidden=\"true\" focusable=\"false\"><path d=\"M19,5H5c-1.1,0-2,.9-2,2v10c0,1.1.9,2,2,2h14c1.1,0,2-.9,2-2V7c0-1.1-.9-2-2-2zm.5,12c0,.3-.2.5-.5.5H5c-.3,0-.5-.2-.5-.5V9.8l7.5,5.6,7.5-5.6V17zm0-9.1L12,13.6,4.5,7.9V7c0-.3.2-.5.5-.5h14c.3,0,.5.2.5.5v.9z\"><\/path><\/svg><span class=\"wp-block-social-link-label screen-reader-text\">S\u00e4hk\u00f6posti<\/span><\/a><\/li>\n\n<li style=\"color:#ffffff;background-color:#000000;\" class=\"wp-social-link wp-social-link-facebook has-white-color has-black-background-color wp-block-social-link\"><a rel=\"noopener nofollow\" target=\"_blank\" href=\"https:\/\/www.facebook.com\/Vanajapadel\" class=\"wp-block-social-link-anchor\"><svg width=\"24\" height=\"24\" viewBox=\"0 0 24 24\" version=\"1.1\" xmlns=\"http:\/\/www.w3.org\/2000\/svg\" aria-hidden=\"true\" focusable=\"false\"><path d=\"M12 2C6.5 2 2 6.5 2 12c0 5 3.7 9.1 8.4 9.9v-7H7.9V12h2.5V9.8c0-2.5 1.5-3.9 3.8-3.9 1.1 0 2.2.2 2.2.2v2.5h-1.3c-1.2 0-1.6.8-1.6 1.6V12h2.8l-.4 2.9h-2.3v7C18.3 21.1 22 17 22 12c0-5.5-4.5-10-10-10z\"><\/path><\/svg><span class=\"wp-block-social-link-label screen-reader-text\">Facebook<\/span><\/a><\/li><\/ul>\n\n\n\n<h4 class=\"wp-block-heading has-text-align-center\"><a href=\"tel:0503602304\">050 360 2304<\/a><\/h4>\n\n\n\n<p><\/p>\n","protected":false},"excerpt":{"rendered":"<p>Ulkokentt\u00e4kausi 2026 alkaa Toijalan sataman kentill\u00e4 kev\u00e4\u00e4ll\u00e4 s\u00e4iden l\u00e4mmetty\u00e4. Ota somekanavamme Facebookissa ja Instagramissa seurantaan, niin saat ajankohtaisen tiedon kenttien aukiolosta ja tapahtumista + tarjouksista. My\u00f6s Smartumin, ePassin ja Edenredin liikuntaedut k\u00e4yv\u00e4t maksuv\u00e4lineen\u00e4. Liikuntaedulla maksaessasi ole yhteydess\u00e4 vanajapadel@brilho.fi tai 050 360 2304. 050 360 2304<\/p>\n","protected":false},"author":1,"featured_media":0,"parent":0,"menu_order":0,"comment_status":"closed","ping_status":"closed","template":"page-templates\/homepage.php","meta":{"footnotes":""},"class_list":["post-36","page","type-page","status-publish","hentry"],"_links":{"self":[{"href":"https:\/\/vanajapadel.fi\/index.php?rest_route=\/wp\/v2\/pages\/36","targetHints":{"allow":["GET"]}}],"collection":[{"href":"https:\/\/vanajapadel.fi\/index.php?rest_route=\/wp\/v2\/pages"}],"about":[{"href":"https:\/\/vanajapadel.fi\/index.php?rest_route=\/wp\/v2\/types\/page"}],"author":[{"embeddable":true,"href":"https:\/\/vanajapadel.fi\/index.php?rest_route=\/wp\/v2\/users\/1"}],"replies":[{"embeddable":true,"href":"https:\/\/vanajapadel.fi\/index.php?rest_route=%2Fwp%2Fv2%2Fcomments&post=36"}],"version-history":[{"count":114,"href":"https:\/\/vanajapadel.fi\/index.php?rest_route=\/wp\/v2\/pages\/36\/revisions"}],"predecessor-version":[{"id":1196,"href":"https:\/\/vanajapadel.fi\/index.php?rest_route=\/wp\/v2\/pages\/36\/revisions\/1196"}],"wp:attachment":[{"href":"https:\/\/vanajapadel.fi\/index.php?rest_route=%2Fwp%2Fv2%2Fmedia&parent=36"}],"curies":[{"name":"wp","href":"https:\/\/api.w.org\/{rel}","templated":true}]}}