{"id":187,"date":"2021-12-03T09:05:54","date_gmt":"2021-12-03T07:05:54","guid":{"rendered":"https:\/\/vanajapadel.fi\/?page_id=187"},"modified":"2026-04-05T20:24:40","modified_gmt":"2026-04-05T17:24:40","slug":"kentat","status":"publish","type":"page","link":"https:\/\/vanajapadel.fi\/?page_id=187","title":{"rendered":"Kent\u00e4t"},"content":{"rendered":"\n<div class=\"wp-block-group\"><div class=\"wp-block-group__inner-container is-layout-flow wp-block-group-is-layout-flow\">\n<div class=\"wp-block-columns is-layout-flex wp-container-core-columns-is-layout-9d6595d7 wp-block-columns-is-layout-flex\">\n<div class=\"wp-block-column is-layout-flow wp-block-column-is-layout-flow\" style=\"flex-basis:100%\"><\/div>\n<\/div>\n<\/div><\/div>\n\n\n\n<div class=\"wp-block-columns are-vertically-aligned-center is-layout-flex wp-container-core-columns-is-layout-9d6595d7 wp-block-columns-is-layout-flex\">\n<div class=\"wp-block-column is-vertically-aligned-center is-layout-flow wp-block-column-is-layout-flow\" style=\"flex-basis:100%\">\n<div class=\"wp-block-group\"><div class=\"wp-block-group__inner-container is-layout-flow wp-block-group-is-layout-flow\"><div class=\"wp-block-image\">\n<figure class=\"aligncenter size-full\"><img loading=\"lazy\" decoding=\"async\" width=\"1920\" height=\"1080\" src=\"https:\/\/vanajapadel.fi\/wp-content\/uploads\/2025\/04\/HinnastoKesa25.jpg\" alt=\"\" class=\"wp-image-1142\" srcset=\"https:\/\/vanajapadel.fi\/wp-content\/uploads\/2025\/04\/HinnastoKesa25.jpg 1920w, https:\/\/vanajapadel.fi\/wp-content\/uploads\/2025\/04\/HinnastoKesa25-300x169.jpg 300w, https:\/\/vanajapadel.fi\/wp-content\/uploads\/2025\/04\/HinnastoKesa25-1024x576.jpg 1024w, https:\/\/vanajapadel.fi\/wp-content\/uploads\/2025\/04\/HinnastoKesa25-768x432.jpg 768w, https:\/\/vanajapadel.fi\/wp-content\/uploads\/2025\/04\/HinnastoKesa25-1536x864.jpg 1536w\" sizes=\"auto, (max-width: 1920px) 100vw, 1920px\" \/><\/figure>\n<\/div><\/div><\/div>\n<\/div>\n<\/div>\n\n\n<div class=\"wp-block-image\">\n<figure class=\"aligncenter size-full\"><img loading=\"lazy\" decoding=\"async\" width=\"1800\" height=\"920\" src=\"https:\/\/vanajapadel.fi\/wp-content\/uploads\/2021\/12\/PadelBlogsivukuva.jpg\" alt=\"\" class=\"wp-image-324\" srcset=\"https:\/\/vanajapadel.fi\/wp-content\/uploads\/2021\/12\/PadelBlogsivukuva.jpg 1800w, https:\/\/vanajapadel.fi\/wp-content\/uploads\/2021\/12\/PadelBlogsivukuva-300x153.jpg 300w, https:\/\/vanajapadel.fi\/wp-content\/uploads\/2021\/12\/PadelBlogsivukuva-1024x523.jpg 1024w, https:\/\/vanajapadel.fi\/wp-content\/uploads\/2021\/12\/PadelBlogsivukuva-768x393.jpg 768w, https:\/\/vanajapadel.fi\/wp-content\/uploads\/2021\/12\/PadelBlogsivukuva-1536x785.jpg 1536w\" sizes=\"auto, (max-width: 1800px) 100vw, 1800px\" \/><\/figure>\n<\/div>\n\n\n<p><\/p>\n\n\n\n<h3 class=\"wp-block-heading has-text-align-center has-medium-font-size\">Kaksi huippuluokan padelkentt\u00e4\u00e4 Akaassa Toijalan satamassa <\/h3>\n\n\n\n<p class=\"has-text-align-center\">Ulkokenttien osoite on Satamatie, 37800 Akaa.<br> <br><\/p>\n\n\n<div class=\"wp-block-image\">\n<figure class=\"aligncenter size-full\"><img loading=\"lazy\" decoding=\"async\" width=\"1024\" height=\"768\" src=\"https:\/\/vanajapadel.fi\/wp-content\/uploads\/2022\/05\/UlkokentatAuki.jpeg\" alt=\"\" class=\"wp-image-667\" srcset=\"https:\/\/vanajapadel.fi\/wp-content\/uploads\/2022\/05\/UlkokentatAuki.jpeg 1024w, https:\/\/vanajapadel.fi\/wp-content\/uploads\/2022\/05\/UlkokentatAuki-300x225.jpeg 300w, https:\/\/vanajapadel.fi\/wp-content\/uploads\/2022\/05\/UlkokentatAuki-768x576.jpeg 768w\" sizes=\"auto, (max-width: 1024px) 100vw, 1024px\" \/><\/figure>\n<\/div>\n\n<div class=\"wp-block-image\">\n<figure class=\"aligncenter size-full\"><img loading=\"lazy\" decoding=\"async\" width=\"1087\" height=\"723\" src=\"https:\/\/vanajapadel.fi\/wp-content\/uploads\/2021\/12\/RantaravintolaPadel.jpeg\" alt=\"\" class=\"wp-image-430\" srcset=\"https:\/\/vanajapadel.fi\/wp-content\/uploads\/2021\/12\/RantaravintolaPadel.jpeg 1087w, https:\/\/vanajapadel.fi\/wp-content\/uploads\/2021\/12\/RantaravintolaPadel-300x200.jpeg 300w, https:\/\/vanajapadel.fi\/wp-content\/uploads\/2021\/12\/RantaravintolaPadel-1024x681.jpeg 1024w, https:\/\/vanajapadel.fi\/wp-content\/uploads\/2021\/12\/RantaravintolaPadel-768x511.jpeg 768w\" sizes=\"auto, (max-width: 1087px) 100vw, 1087px\" \/><\/figure>\n<\/div>\n\n\n<p class=\"has-text-align-center\">Padelmatsien j\u00e4lkeen Toijalan satama tarjoaa mahdollisuuden mukaviin j\u00e4lkipeleihin.<\/p>\n\n\n<div class=\"wp-block-image\">\n<figure class=\"aligncenter size-full\"><img loading=\"lazy\" decoding=\"async\" width=\"1086\" height=\"724\" src=\"https:\/\/vanajapadel.fi\/wp-content\/uploads\/2021\/12\/RantaravintolaVote.jpeg\" alt=\"\" class=\"wp-image-431\" srcset=\"https:\/\/vanajapadel.fi\/wp-content\/uploads\/2021\/12\/RantaravintolaVote.jpeg 1086w, https:\/\/vanajapadel.fi\/wp-content\/uploads\/2021\/12\/RantaravintolaVote-300x200.jpeg 300w, https:\/\/vanajapadel.fi\/wp-content\/uploads\/2021\/12\/RantaravintolaVote-1024x683.jpeg 1024w, https:\/\/vanajapadel.fi\/wp-content\/uploads\/2021\/12\/RantaravintolaVote-768x512.jpeg 768w\" sizes=\"auto, (max-width: 1086px) 100vw, 1086px\" \/><\/figure>\n<\/div>\n\n\n<p class=\"has-text-align-center\">Toijalan satamassa on tarjolla kes\u00e4aikaan padelkenttien lis\u00e4ksi viihtyis\u00e4 rantaravintola, vesipuisto, <\/p>\n\n\n\n<p class=\"has-text-align-center\">kahviloita, minigolfia, kes\u00e4teatteri ja sis\u00e4vesiliikennett\u00e4. <\/p>\n\n\n\n<p class=\"has-text-align-center\">Kuva Tiikerikuva, Jukka Salminen.<\/p>\n","protected":false},"excerpt":{"rendered":"<p>Kaksi huippuluokan padelkentt\u00e4\u00e4 Akaassa Toijalan satamassa Ulkokenttien osoite on Satamatie, 37800 Akaa. Padelmatsien j\u00e4lkeen Toijalan satama tarjoaa mahdollisuuden mukaviin j\u00e4lkipeleihin. Toijalan satamassa on tarjolla kes\u00e4aikaan padelkenttien lis\u00e4ksi viihtyis\u00e4 rantaravintola, vesipuisto, kahviloita, minigolfia, kes\u00e4teatteri ja sis\u00e4vesiliikennett\u00e4. Kuva Tiikerikuva, Jukka Salminen.<\/p>\n","protected":false},"author":1,"featured_media":0,"parent":0,"menu_order":0,"comment_status":"closed","ping_status":"closed","template":"","meta":{"footnotes":""},"class_list":["post-187","page","type-page","status-publish","hentry"],"_links":{"self":[{"href":"https:\/\/vanajapadel.fi\/index.php?rest_route=\/wp\/v2\/pages\/187","targetHints":{"allow":["GET"]}}],"collection":[{"href":"https:\/\/vanajapadel.fi\/index.php?rest_route=\/wp\/v2\/pages"}],"about":[{"href":"https:\/\/vanajapadel.fi\/index.php?rest_route=\/wp\/v2\/types\/page"}],"author":[{"embeddable":true,"href":"https:\/\/vanajapadel.fi\/index.php?rest_route=\/wp\/v2\/users\/1"}],"replies":[{"embeddable":true,"href":"https:\/\/vanajapadel.fi\/index.php?rest_route=%2Fwp%2Fv2%2Fcomments&post=187"}],"version-history":[{"count":52,"href":"https:\/\/vanajapadel.fi\/index.php?rest_route=\/wp\/v2\/pages\/187\/revisions"}],"predecessor-version":[{"id":1178,"href":"https:\/\/vanajapadel.fi\/index.php?rest_route=\/wp\/v2\/pages\/187\/revisions\/1178"}],"wp:attachment":[{"href":"https:\/\/vanajapadel.fi\/index.php?rest_route=%2Fwp%2Fv2%2Fmedia&parent=187"}],"curies":[{"name":"wp","href":"https:\/\/api.w.org\/{rel}","templated":true}]}}